is the highest common factor of 12 and h?
6
Let w be (-28)/((-12)/8 + 1). What is the highest common factor of w and 308?
28
Let m = 30 + 51. Let j = m + -42. What is the highest common divisor of j and 26?
13
Suppose -58*x + 40 = -54*x. What is the highest common divisor of x and 34?
2
Suppose -57 = 4*v + 5*b - 521, -4*v + 500 = -4*b. Let u = v - 67. What is the highest common factor of u and 108?
54
Suppose 4*x - 7*x = -66. Suppose 0 = 5*k - 4*r - x, 2 = -2*k + k + 4*r. Let t = 30 - k. What is the greatest common factor of t and 12?
12
Suppose -19 = -5*q - 2*m + 12, -5*q + 19 = -2*m. Suppose -2*h + 200 = q*r, -h = 4*r - 41 - 116. Calculate the greatest common divisor of r and 304.
38
Let x(o) = -o**3 - 49*o**2 - 42*o - 14. Let r be x(-49). Calculate the greatest common factor of 73 and r.
73
Let g(m) = m**3 - 6*m**2 + 2. Let s be (2/(-4))/((-1)/16). Let f be g(s). Calculate the greatest common factor of 26 and f.
26
Suppose 0 = 3*n + 3*h - 30, -5*h + 10 = n - 3*h. Let m(y) = -3*y**2 - 2 + 8*y**2 - 4*y**2 - 4*y. Let j be m(6). Calculate the greatest common factor of n and j.
10
Let w be 4/(1 + -9) + 1230/12. Calculate the highest common divisor of w and 136.
34
Let a(v) be the third derivative of -v**6/120 - v**5/4 - v**4/12 - 2*v**3 + 12*v**2. Let p be a(-15). What is the highest common divisor of 2 and p?
2
Let s = 193 - 88. Let p be (-70)/1*(7 - s/14). Calculate the greatest common divisor of 5 and p.
5
Let f(b) = 2*b**3 + 2*b**2 + b - 2. Let l be f(2). Let n = 4 + l. What is the greatest common divisor of n and 252?
28
Suppose 48*z - 45*z = 3*q + 213, 2*z = -q + 139. What is the greatest common divisor of 620 and z?
10
Suppose -35 = -4*b - 15. Suppose 55 + 40 = b*v. Let p = -56 + 75. Calculate the greatest common factor of v and p.
19
Suppose -4*m - 5 = 7, 2*p = 3*m + 849. Suppose 23*l - 18*l = p. Calculate the highest common factor of l and 126.
42
Let a = 3013 + -3008. Let o(c) = c**2 + 6*c + 1. Let y be o(-6). Calculate the highest common divisor of a and y.
1
Suppose -408 = -4*m + m. Let u = 68 + -51. What is the highest common factor of m and u?
17
Suppose -3*h - 5*l + 9 = -58, 4*h - l - 97 = 0. What is the greatest common factor of 132 and h?
12
Let j = -8 - -12. Let u = 3 - 0. Suppose -u*x = -k - x + 44, -5*x + 202 = j*k. Calculate the greatest common factor of 16 and k.
16
Let g be (-15)/(-1) - 15/3. What is the highest common factor of 30 and g?
10
Suppose -2*z + 3*t - 27 = -2, -10 = -3*z - 5*t. Let u be z/5*(2 - 6). Suppose u*d - 16 = x, 0*x - 3*x = 0. What is the highest common factor of 2 and d?
2
Suppose 10*i = 12*i - 82. Let m = i - 19. Calculate the highest common factor of m and 176.
22
Suppose -2596*l - 1242 = -2602*l. What is the greatest common divisor of l and 27?
9
Suppose -2*s - h = 2*h - 13, 3*s + 4*h = 21. Let y be (-20)/(-5) + (-2)/1. Let w = y + 97. Calculate the highest common factor of w and s.
11
Suppose 5*d = -162 + 1107. Let a(o) = 3*o**2 + 13*o + 38. Let i be a(-5). Let v = -21 + i. Calculate the highest common divisor of d and v.
27
Let q(w) = w**3 - 5*w**2 - 15*w + 32. Let m be q(9). Calculate the highest common divisor of 26 and m.
13
Let d = 107 + 31. What is the greatest common divisor of 46 and d?
46
Let g(p) be the first derivative of p**4/4 + 4*p**3/3 - p**2 + 25*p + 5. Let v be g(-5). What is the greatest common factor of v and 5?
5
Let y be -5 - (6/9 + (-136)/6). Calculate the greatest common factor of y and 34.
17
Let n(i) = -2*i**3 - 2*i**2 - i + 28. Suppose 3*s - 6*s = 0. Let h be n(s). Calculate the greatest common divisor of h and 308.
28
Suppose 244 = 3*b + 4*q, -2*b - 3*q + 2*q + 161 = 0. Suppose -17 + 2 = -3*r. Suppose -l + 15 = -r. What is the greatest common factor of b and l?
20
Suppose -2*l = 2*t - 5*l - 675, -676 = -2*t + 4*l. What is the greatest common divisor of t and 8?
8
Let v(c) = c**3 - 14*c**2 + 6*c - 4. Suppose -71 = -4*a + 5*i, -2*a - i - 31 = -4*a. Let u be v(a). Calculate the greatest common factor of u and 10.
10
Suppose 0 = j - 0*j - 14. Suppose -5*a + 4 = -a. Let p = j - a. Calculate the highest common divisor of 104 and p.
13
Let l = 436 - 142. Calculate the greatest common divisor of 196 and l.
98
Let t = 29 + -17. Suppose 18*g - 132 = t*g. Calculate the highest common divisor of g and 55.
11
Suppose -2544 = 10*h - 22*h. What is the highest common divisor of 53 and h?
53
Let q = 2 + -1. Let r = q + 12. Calculate the greatest common factor of r and 52.
13
Let u = -222 + 126. Let y = -30 - u. Calculate the highest common factor of y and 6.
6
Let y be 94 - (-15)/(-3 + 8). Suppose -y*z + 94*z + 90 = 0. Let j = -13 - -58. What is the greatest common factor of j and z?
15
Let r(b) = b**3 - 25*b**2 + 17*b + 79. Let x be r(25). What is the greatest common factor of 224 and x?
56
Let z be (-2 + (-2)/(-1))/(-1). Let y(o) = o + 12. Let n be y(z). Suppose -5*h + 48 = -h. Calculate the greatest common factor of h and n.
12
Let y(g) = -g + 13. Let s be y(7). Let z(j) = j**2 - 6*j + 4. Let q be z(s). Calculate the highest common divisor of 4 and q.
4
Let p = -7 + 23. Let z be ((-9)/(-18))/(1/6). Suppose -3*f - 148 = -8*f - 4*k, 0 = -k - z. What is the highest common factor of p and f?
16
Suppose -4*b - 5*h = -10 - 117, -2*b + 68 = 4*h. What is the greatest common divisor of b and 4?
4
Let c(y) be the third derivative of 5*y**4/24 + y**3/3 + 4*y**2. Let m be c(5). Let u = m - 17. What is the greatest common factor of u and 2?
2
Let i be ((-986)/(-10) - 1) + (-206)/(-515). Calculate the highest common divisor of 147 and i.
49
Suppose 2*x - 36 = -2*x + 4*q, -5*x = -3*q - 35. Let n be (-2)/x - 35/(-10). Let v be (11/4)/1*12. What is the greatest common factor of n and v?
3
Suppose 177 + 200 = 29*f. Let c = -47 - -99. Calculate the highest common divisor of f and c.
13
Let j be (-216)/(-28) + 4/14. Let c be -3 - -1 - (7 + -10). Let k = j + c. Calculate the greatest common divisor of 6 and k.
3
Suppose -30 = 3*c + 48. Let a = 24 + c. Let y be a/10 - (-2404)/20. Calculate the greatest common divisor of y and 15.
15
Let j = 2399 - 2230. What is the greatest common factor of 13 and j?
13
Let y = 1961 - 1939. Calculate the highest common factor of y and 594.
22
Let x = -106 + 134. Suppose 5*r = 3*u - 8 + 4, r = -3*u + x. Let b = -9 + 17. Calculate the highest common factor of b and u.
8
Suppose -2*f - 3*f + 405 = 0. Suppose -f = -4*d - d - 4*q, 8 = 2*q. Calculate the greatest common divisor of d and 52.
13
Let x be (-74)/(-6) + (-1)/3. Suppose 0 = -154*h + 143*h + 33. Let q be (-130)/(-8) - h/x. Calculate the highest common divisor of 4 and q.
4
Suppose 3*i - 1007 = 73. Calculate the greatest common factor of i and 160.
40
Suppose -8*l + 4 = -12. Let s = l - -7. Calculate the greatest common divisor of 9 and s.
9
Let l be (-2)/9 + 1110/135. Suppose 3*s = 5*w + 50, l = 5*s - 2*w - 50. What is the highest common divisor of 70 and s?
10
Let s = -1389 + 1393. Calculate the greatest common divisor of 668 and s.
4
Suppose -13*c + 533 = -0*c. What is the greatest common factor of c and 1107?
41
Let g(b) = -b**3 + 4*b**2 + b + 4. Suppose 4*o + 12 = 0, -5*j + o + 30 = -4*o. Let c be g(j). Let x = 84 + -60. What is the highest common factor of c and x?
8
Let o = -33 - -46. Let x be -2 - (2 + o)*-1. What is the greatest common divisor of 39 and x?
13
Suppose -297*k - 77 = -304*k. Calculate the highest common divisor of 1793 and k.
11
Suppose 11*q - 88 = -0. Let y be 1*-3*(1 - 2). Suppose 1 = y*d - 2*h - 1, 4*h - 6 = d. What is the highest common divisor of d and q?
2
Let x = 95 + -91. Suppose -161 = x*a - 641. What is the greatest common factor of 24 and a?
24
Suppose -2*a + 4*t - 84 = 0, -5*a - 110 - 100 = -2*t. Let r = 66 + a. Let m be 2*4 - 0/1. What is the greatest common factor of m and r?
8
Suppose 0 = -8*z + 6*z + 72. Let a = -31 + z. Suppose a*f = 3*f + 160. What is the highest common factor of f and 20?
20
Suppose 3 + 3 = 2*p. Suppose -3*u - p*f + 348 = 0, 61 = -2*u - 3*f + 292. What is the greatest common factor of 13 and u?
13
Suppose -37*u = 17*u - 324. Calculate the greatest common divisor of u and 98.
2
Suppose -4462 = -18*i + 8876. Calculate the greatest common factor of i and 39.
39
Let a(v) = -v**2 - 17*v - 39. Let y be a(-14). Calculate the greatest common factor of y and 21.
3
Le